-3*x + 2*j + 5770, -3*j + 8974 = 3*x + 3214. What is the remainder when x is divided by 26?
24
Suppose 0 = 2*u - 3*g - 315 - 131, 0 = -4*u + 4*g + 892. What is the remainder when u is divided by 42?
13
Let v = -196 - -206. Suppose 7 = -3*c + 4*r, 3*r - 4 = -3*c + 17. What is the remainder when v is divided by ((-63)/6)/c*-2?
3
Let o(a) = -a + 37. Let v be o(0). Suppose 6*t - v + 1 = 0. Calculate the remainder when 13 is divided by t.
1
What is the remainder when 186 is divided by 1*18 - (21 - 20)?
16
Let f be -3 + -1 - (-24)/6. Suppose d = -3*w + 13, f = 4*d + 5*w - 2*w - 52. What is the remainder when 51 is divided by d?
12
Let z = 2537 + -2424. What is the remainder when 436 is divided by z?
97
Let o(q) = -q**3 - 2*q**2 + 2*q - 3. Let r(k) = -18*k + 10. Let l(z) = -z. Let s(h) = 5*l(h) - r(h). Calculate the remainder when s(7) is divided by o(-4).
18
Suppose -3*x + 14*x = 88. Let n(f) = -f**3 + 8*f**2 - 2*f + 23. What is the remainder when 41 is divided by n(x)?
6
Let i(h) = h**2 - h - 3. Let f be i(3). Let j be f/(-4) - (-95)/20. Suppose 0 = -2*o + 2, 1 = j*u - 4*o - 3. Calculate the remainder when 3 is divided by u.
1
Calculate the remainder when 150 is divided by (-4264)/(-123) + 15/(-9).
18
Suppose -2*z = -g - 3, 2*g - 3 = 2*z + 7*g. Let c(s) = 69*s - 4. What is the remainder when c(z) is divided by 17?
14
Calculate the remainder when -2 - -11 - (-4393)/23 is divided by 51.
47
Let w(s) = 8*s + 132. Calculate the remainder when w(-12) is divided by 19.
17
Let q(n) = n**3 - 5*n**2 - 5*n + 8. Let c be ((-64)/(-8))/(2/5). Let d = c - 12. What is the remainder when q(6) is divided by d?
6
Let w(h) = -12*h**2 + 73*h + 3. What is the remainder when 14 is divided by w(6)?
5
Calculate the remainder when (-5 + -1)*(-2 + 66/(-4)) is divided by 38.
35
Suppose -73 = -l + 6. What is the remainder when l is divided by 4 - (-4 + 5) - (-19 - -6)?
15
Let t = 14 - 42. Let u = t - -49. What is the remainder when 38 is divided by u?
17
What is the remainder when (12 - 1) + (-14)/7 is divided by 6?
3
Let q(k) be the third derivative of 7*k**6/120 - k**5/20 + k**4/6 - 2*k**3/3 + 11*k**2. What is the remainder when 140 is divided by q(2)?
44
Let t = 13 - 13. Suppose t = -l + 35 - 211. Let v = -102 - l. Calculate the remainder when v is divided by 25.
24
Suppose -27*d = 27*d - 5400. Calculate the remainder when 597 is divided by d.
97
Suppose -2*p - 2 = -2*d, -d = -p + 2*p - 3. Suppose d*g - c - 5 = 8, -15 = -3*c. Let w = 13 - g. Calculate the remainder when 10 is divided by w.
2
Let j = 435 + -285. What is the remainder when j is divided by 31?
26
Let s = 16 - 9. What is the remainder when -19 + 39 + 1*-3 is divided by s?
3
Suppose 0 = -5*v - 5*b + 44 - 19, -5*b = v - 9. Suppose -v*m + 25 = -47. Calculate the remainder when 51 is divided by m.
15
Suppose 4*y = 20 + 68. Suppose -m + 0*k + 5*k = -9, 2*m - 5*k - 23 = 0. What is the remainder when y is divided by m?
8
Suppose 3*m - 199 = -4*i, -5 = 16*i - 15*i. What is the remainder when 289 is divided by m?
70
Suppose -225 = 208*t - 211*t. What is the remainder when 142 is divided by t?
67
Let f(d) = -72*d - 925. Calculate the remainder when f(-14) is divided by (36/1)/(6/4).
11
Let m(v) = 9*v**2 + 57*v - 68. Calculate the remainder when m(-15) is divided by 85.
82
Suppose -90 = 3*a - 13*a. Let w = a + 3. Calculate the remainder when 21 is divided by w.
9
Let y = 12 - 3. Suppose -3*n + y = -6. Suppose -277*x = -278*x + 3*p + 15, -4*p = -x + 14. Calculate the remainder when x is divided by n.
3
Let r = 10 + -10. Suppose 2*h = -5*f + 55, f - 8 = -r*f - h. Calculate the remainder when 51 is divided by f.
12
Let s = 217 + -209. Let n = 176 - 108. Calculate the remainder when n is divided by 1869/168 - 1/s - -3.
12
Let k = 42 - 22. What is the remainder when 259 is divided by k?
19
Let k(m) = 6*m + 57. Calculate the remainder when 202 is divided by k(-6).
13
What is the remainder when (204/(-8))/((-3)/18*1) is divided by 59?
35
Suppose 0*g - g + 8 = 0. What is the remainder when 146 is divided by g/6*6*3 + -3?
20
Let p(t) = 3*t**2 + 3*t - 2. Let x(q) = 6*q**2 + 10*q - 4. What is the remainder when x(4) is divided by p(-4)?
30
Let k(s) = s**2 + 6*s - 24. Let l be k(7). Suppose -2*j + q = -65, -3*q = -3*j + l + 29. Calculate the remainder when j is divided by 18.
15
Let d(x) = -x**3 - 6*x**2 + 6*x. Let h be d(-7). Suppose -92 - 13 = -5*f. What is the remainder when f is divided by (-4 - -5)*(h + 1)?
5
Suppose 2*y + 2*y - 8 = 0. Suppose -2*q = -q + 4*g - 33, 4*q - 186 = y*g. What is the remainder when 89 is divided by q?
44
Let a = -241 - -99. Let k = -100 - a. Calculate the remainder when k is divided by 11.
9
Let p = -36 - -85. Suppose -r + 3*m + 18 = 0, -5*r + 34 = -4*r + 5*m. Let g = r + -7. Calculate the remainder when p is divided by g.
15
Let a be (-17)/(-2) + 8/16. Suppose 0 = -z + 2*z + a. What is the remainder when 55 is divided by (-174)/z + (-2)/6?
17
Let z be 2/9 - (-280)/36. Let c be ((-10)/3)/(z/12). Let d = 8 + c. What is the remainder when d is divided by 1?
0
Suppose 4*j - j + 5*q = 266, 5*j - 440 = -5*q. Suppose 9 = 4*v - j. Suppose -c + 186 = c. What is the remainder when c is divided by v?
21
Let c = 16 - 13. Suppose 2*s = 2*y + 30, c*s - 31 = s + y. Calculate the remainder when 143 is divided by s.
15
Suppose -316 = 55*v - 10161. What is the remainder when v is divided by 51?
26
Suppose 5*m + 1 = 26. Let o(h) = -9*h - 3. Let j be o(-3). Suppose -m*u = -j - 1. Calculate the remainder when 9 is divided by u.
4
Suppose 5*i = -3*v + 11, -3*v - 2*i + 3 = -5. Suppose -v = s + 1, -5*s = -5*j + 65. Suppose w - j = 26. Calculate the remainder when w is divided by 20.
16
Let f = -28 - -46. Calculate the remainder when (20/10)/(1 + 68/(-70)) is divided by f.
16
Let v(h) = h + 9. Suppose -8*k = -7*k + 4*m - 83, 3*m + 313 = 4*k. What is the remainder when k is divided by v(11)?
19
Let v(q) = -q**3 + 3*q**2 + q - 4. Let y be v(2). Suppose -3*s + 117 = -3*k, 3*s - y*k = 6*s - 137. What is the remainder when 124 is divided by s?
38
Let y(t) = -t + 3. Let b be y(0). Suppose 3*v + 0*o = 5*o + 42, b*o = -5*v + 70. What is the remainder when v is divided by (-10 + 4)*(1 - 25/15)?
2
Let k(v) = -4*v**3 - 2*v**2 - 17*v - 31. Calculate the remainder when k(-6) is divided by 48.
47
Let m(b) = b**2 + 10*b - 20. Calculate the remainder when 207 is divided by m(3).
17
Let u = -877 - -885. What is the remainder when 9 is divided by u?
1
Suppose -5*l + 2 = -4*f - 11, 4*f - 12 = 0. Suppose 2*g = -3*q + 5*q - 20, 0 = -l*g - 4*q - 50. Let s = -5 - g. What is the remainder when 13 is divided by s?
3
Let f = -154 - -179. What is the remainder when 84 is divided by f?
9
Let o = 2060 + -1655. Calculate the remainder when o is divided by 69.
60
What is the remainder when 423 is divided by (12/10)/3 - (-6363)/105?
57
Suppose -s - 7*n + 64 = -3*n, n - 1 = 0. Suppose 0 = k + k + s. Let p = 43 + k. Calculate the remainder when 38 is divided by p.
12
Suppose 7*i + 4*h - 5658 = 2*i, -5*h = -4*i + 4551. Let s be (-10)/(-3)*i/35. Suppose 2*t + 2*t - s = 0. What is the remainder when t is divided by 10?
7
Let y(x) = 4*x + 15. Let s(k) = -k**2 + 10*k + 16. What is the remainder when y(1) is divided by s(11)?
4
Let n = 17 + -7. Let y = n - 17. What is the remainder when (14 - -1)*(y - -8) is divided by 9?
6
Suppose -2*m + 37 + 73 = 0. Let n = -8 + m. What is the remainder when n is divided by 25?
22
Let h(v) = v**3 - 14*v**2 + 13*v + 15. Let g be h(13). Let s = g - 2. Calculate the remainder when -1*(-64 + (3 - 1)) is divided by s.
10
Let c(d) = -d**3 - 7*d**2 - 6*d + 4. Let l be (-3 - (-9)/4) + 100/(-16). What is the remainder when c(l) is divided by 8?
6
Suppose 2*i - 2 = -d, -3*i = 2*d - 14 + 8. What is the remainder when 13 is divided by d?
1
Let q(l) = -2*l + 10. Calculate the remainder when 56 is divided by q(2).
2
Let c = -5 - 4. Let y = c - -22. Let l = y - -16. Calculate the remainder when 56 is divided by l.
27
Suppose 0 = -3*s - 5*u + 3*u + 60, -39 = -3*s + 5*u. Calculate the remainder when 141 is divided by s.
15
Suppose 5*i - r = 594, -120 = -i - 4*r + 3*r. What is the remainder when 141 is divided by i?
22
Let f(o) = 4*o - 102. Calculate the remainder when 236 is divided by f(35).
8
Let g(z) = -2*z + 12. Let a(k) = -2*k + 13. Let